{"id":76,"date":"2026-02-12T15:39:22","date_gmt":"2026-02-12T18:39:22","guid":{"rendered":"https:\/\/homolog.plyn.com.br\/50tao-wp\/?page_id=76"},"modified":"2026-02-12T15:45:16","modified_gmt":"2026-02-12T18:45:16","slug":"convidados","status":"publish","type":"page","link":"https:\/\/homolog.plyn.com.br\/50tao-wp\/index.php\/convidados\/","title":{"rendered":"ACOMPANHE NOSSOS <br> CONVIDADOS"},"content":{"rendered":"\n<p>Reflex\u00f5es, pesquisas e conte\u00fados exclusivos com quem vive e estuda o mundo 50+siga nossos canais para n\u00e3o perder nenhum epis\u00f3dio<\/p>\n","protected":false},"excerpt":{"rendered":"<p>Reflex\u00f5es, pesquisas e conte\u00fados exclusivos com quem vive e estuda o mundo 50+siga nossos canais para n\u00e3o perder nenhum epis\u00f3dio<\/p>\n","protected":false},"author":1,"featured_media":0,"parent":0,"menu_order":0,"comment_status":"closed","ping_status":"closed","template":"convidados.php","meta":{"_acf_changed":false,"footnotes":""},"class_list":["post-76","page","type-page","status-publish","hentry"],"acf":[],"_links":{"self":[{"href":"https:\/\/homolog.plyn.com.br\/50tao-wp\/index.php\/wp-json\/wp\/v2\/pages\/76","targetHints":{"allow":["GET"]}}],"collection":[{"href":"https:\/\/homolog.plyn.com.br\/50tao-wp\/index.php\/wp-json\/wp\/v2\/pages"}],"about":[{"href":"https:\/\/homolog.plyn.com.br\/50tao-wp\/index.php\/wp-json\/wp\/v2\/types\/page"}],"author":[{"embeddable":true,"href":"https:\/\/homolog.plyn.com.br\/50tao-wp\/index.php\/wp-json\/wp\/v2\/users\/1"}],"replies":[{"embeddable":true,"href":"https:\/\/homolog.plyn.com.br\/50tao-wp\/index.php\/wp-json\/wp\/v2\/comments?post=76"}],"version-history":[{"count":2,"href":"https:\/\/homolog.plyn.com.br\/50tao-wp\/index.php\/wp-json\/wp\/v2\/pages\/76\/revisions"}],"predecessor-version":[{"id":89,"href":"https:\/\/homolog.plyn.com.br\/50tao-wp\/index.php\/wp-json\/wp\/v2\/pages\/76\/revisions\/89"}],"wp:attachment":[{"href":"https:\/\/homolog.plyn.com.br\/50tao-wp\/index.php\/wp-json\/wp\/v2\/media?parent=76"}],"curies":[{"name":"wp","href":"https:\/\/api.w.org\/{rel}","templated":true}]}}